807928 a multiple of 157?
True
Is 3709560 a multiple of 11?
False
Is 10153563 a multiple of 75?
False
Does 137 divide 6371596?
True
Is 8 a factor of 2600?
True
Is 54 a factor of 803844?
True
Is 3 a factor of 9915?
True
Is 1617948 a multiple of 633?
True
Is 6935173 a multiple of 14?
False
Is 142 a factor of 4807927?
False
Is 168 a factor of 64848?
True
Does 215 divide 571235?
False
Is 25 a factor of 774525?
True
Is 8165 a multiple of 64?
False
Does 20 divide 434520?
True
Is 598336 a multiple of 16?
True
Does 11 divide 3788010?
False
Does 22 divide 687378?
False
Does 4 divide 5356092?
True
Is 101291 a multiple of 18?
False
Is 456 a factor of 3388080?
True
Does 4 divide 4562969?
False
Is 18 a factor of 262552?
False
Is 10706424 a multiple of 2014?
True
Does 554 divide 636863?
False
Does 35 divide 277060?
True
Does 24 divide 571728?
True
Does 18 divide 153342?
True
Is 8 a factor of 155520?
True
Does 855 divide 5890095?
True
Is 37 a factor of 691382?
True
Is 10 a factor of 20458895?
False
Is 199 a factor of 378697?
True
Does 23 divide 476284?
True
Is 244 a factor of 71736?
True
Does 81 divide 16287150?
False
Is 13958677 a multiple of 21?
False
Is 206 a factor of 711112?
True
Does 150 divide 171750?
True
Is 42 a factor of 466352?
False
Does 30 divide 6370894?
False
Is 42 a factor of 694386?
True
Is 544070 a multiple of 1327?
True
Is 28 a factor of 1195449?
False
Is 1013 a factor of 5188107?
False
Is 17 a factor of 511020?
True
Is 636559 a multiple of 7?
True
Is 7 a factor of 75523?
True
Is 707463 a multiple of 266?
False
Is 1635060 a multiple of 140?
True
Is 70635 a multiple of 42?
False
Is 23 a factor of 344655?
True
Does 32 divide 6241216?
True
Is 4668837 a multiple of 11?
False
Is 123006 a multiple of 2?
True
Is 460516 a multiple of 28?
True
Is 551808 a multiple of 21?
False
Is 82 a factor of 333989?
False
Is 338 a factor of 57460?
True
Is 59 a factor of 5830?
False
Is 19 a factor of 1464596?
True
Is 203296 a multiple of 418?
False
Does 448 divide 1887256?
False
Is 8014 a multiple of 6?
False
Does 15 divide 172305?
True
Is 76 a factor of 30986948?
True
Is 176877 a multiple of 347?
False
Is 17 a factor of 42426?
False
Is 67 a factor of 1759601?
False
Is 2512336 a multiple of 368?
True
Is 4028864 a multiple of 322?
True
Is 631858 a multiple of 25?
False
Is 5 a factor of 2316216?
False
Does 2 divide 1838?
True
Is 60 a factor of 42217?
False
Is 4338464 a multiple of 13?
True
Is 53661 a multiple of 16?
False
Is 5 a factor of 83021?
False
Is 12 a factor of 386453?
False
Is 77363 a multiple of 143?
True
Does 147 divide 5785851?
False
Is 741 a factor of 1958463?
True
Is 152 a factor of 1057312?
True
Is 12045 a multiple of 73?
True
Is 61 a factor of 4087031?
False
Does 439 divide 1608935?
True
Does 147 divide 4859967?
True
Is 8 a factor of 310719?
False
Is 3904802 a multiple of 2?
True
Is 29 a factor of 1262689?
True
Is 1453866 even?
True
Is 11893722 a multiple of 1792?
False
Is 337392 a multiple of 8?
True
Is 14990192 a multiple of 21?
False
Is 23968 a multiple of 56?
True
Does 46 divide 14819130?
True
Is 242 a factor of 2055306?
True
Is 51 a factor of 3009?
True
Is 5 a factor of 134693?
False
Is 40 a factor of 2756428?
False
Is 104654 a multiple of 25?
False
Does 72 divide 1173876?
False
Does 7 divide 6772154?
False
Does 55 divide 286601?
False
Is 10314477 a multiple of 267?
True
Does 14 divide 23072?
True
Is 2361397 a multiple of 3?
False
Is 4527209 a multiple of 41?
False
Is 2899866 a multiple of 715?
False
Does 148 divide 166572?
False
Is 1266325 a multiple of 29?
False
Is 63793 a multiple of 11?
False
Is 72570 a multiple of 30?
True
Does 3 divide 897307?
False
Is 255037 a multiple of 31?
True
Is 147079 a multiple of 46?
False
Is 116464 a multiple of 11?
False
Is 89 a factor of 521095?
True
Is 1697 a factor of 6708241?
True
Is 2513112 a multiple of 21?
True
Is 58 a factor of 258728?
False
Is 50969 a multiple of 19?
False
Is 33 a factor of 46639?
False
Does 71 divide 138471?
False
Is 544217 a multiple of 19?
True
Does 42 divide 132654?
False
Does 339 divide 2533163?
False
Is 101080 a multiple of 14?
True
Does 14 divide 3233093?
False
Does 632 divide 313989?
False
Is 36 a factor of 1600884?
True
Does 71 divide 205633?
False
Is 31635 even?
False
Is 1079160 a multiple of 60?
True
Does 60 divide 673919?
False
Is 11 a factor of 288420?
True
Is 62 a factor of 28768?
True
Is 750652 a multiple of 119?
True
Does 94 divide 1220932?
False
Is 4966572 a multiple of 169?
True
Is 158961 a multiple of 109?
False
Is 12 a factor of 5142432?
True
Is 100 a factor of 497500?
True
Does 83 divide 27277?
False
Is 126737 a multiple of 162?
False
Is 428 a factor of 12415852?
True
Does 106 divide 293816?
False
Does 47 divide 807431?
False
Is 24 a factor of 385152?
True
Is 761441 a multiple of 100?
False
Is 129 a factor of 59885?
False
Is 23 a factor of 959060?
False
Is 95436 a multiple of 11?
True
Does 6 divide 135552?
True
Does 23 divide 395669?
True
Does 10 divide 161048?
False
Does 2 divide 12532?
True
Is 31185 a multiple of 9?
True
Is 62 a factor of 132334?
False
Does 378 divide 2943785?
False
Is 5247 a multiple of 8?
False
Does 6 divide 379960?
False
Does 78 divide 489372?
True
Is 46 a factor of 10542234?
True
Does 140 divide 376368?
False
Is 161 a factor of 89622?
False
Does 195 divide 922740?
True
Is 7077175 a multiple of 930?
False
Is 1424005 a multiple of 187?
True
Is 612 a factor of 5697720?
True
Does 186 divide 1317438?
True
Is 45408 a multiple of 32?
True
Is 7395023 a multiple of 16?
False
Does 20 divide 62387?
False
Is 836030 a multiple of 13?
True
Does 4 divide 69900?
True
Is 627360 a multiple of 20?
True
Does 4 divide 2780696?
True
Is 2071 a multiple of 42?
False
Is 237733 a multiple of 13?
False
Does 199 divide 578645?
False
Does 88 divide 5071528?
True
Is 262 a factor of 3546170?
True
Is 183270 a multiple of 82?
True
Is 4 a factor of 550093?
False
Does 832 divide 12834650?
False
Is 6598129 a multiple of 15?
False
Is 209814 a multiple of 363?
True
Does 41 divide 148543?
True
Is 1237 a factor of 752096?
True
Is 386 a factor of 118888?
True
Is 480700 a multiple of 366?
False
Does 24 divide 1159215?
False
Is 27 a factor of 353619?
True
Is 284 a factor of 2640856?
False
Is 81 a factor of 12577075?
False
Is 33941 a multiple of 27?
False
Is 914339 a multiple of 37?
False
Is 682740 a multiple of 24?
False
Is 361 a factor of 1205018?
True
Is 1326 a factor of 5833134?
False
Is 11812822 a multiple of 14?
True
Does 2030 divide 11516190?
True
Does 16 divide 1405150?
False
Does 247 divide 584896?
True
Is 8375013 a multiple of 298?
False
Is 2 a factor of 91687?
False
Does 158 divide 307634?
False
Is 242 a factor of 3870264?
False
Is 677970 a multiple of 9?
True
Is 5198 a multiple of 19?
False
Is 1546755 a multiple of 6?
False
Is 25 a factor of 10150?
True
Does 110 divide 449350?
True
Does 894 divide 8043430?
False
Is 105 a factor of 97133?
False
Is 382386 a multiple of 2?
True
Does 3 divide 414814?
False
Does 154 divide 11216744?
True
Does 17 divide 532389?
True
Is 147 a factor of 516590?
False
Is 75369 a multiple of 3?
True
Does 10 divide 485947?
False
Is 1130192 a multiple of 56?
True
Does 17 divide 694756?
True
Is 809058 a multiple of 94?
True
Is 51997 a multiple of 7?
False
Is 50949 a multiple of 629?
True
Does 932 divide 4742016?
True
Is 166953 a multiple of 51?
False
Is 66670 a multiple of 10?
True
Is 938 a factor of 6539679?
False
Is 46 a factor of 26281?
False
Is 63982 a multiple of 9?
False
Is 933 a factor of 206193?
True
Is 552 a factor of 13800?
True
Does 5 divide 119070?
True
Is 1930329 a multiple of 7?
False
Is 129 a factor of 2642694?
True
Is 69540 a multiple of 76?
True
Does 503 divide 1908885?
True
Is 14 a factor of 4342386?
False
Is 31 a factor of 220224?
True
Is 6958090 a multiple of 261?
False
Is 8 a factor of 60243?
False
Is 50 a factor of 7600174?
False
Is 43 a factor of 172505?
False
Is 14 a factor of 781172?
True
Is 1344299 a multiple of 13?
False
Is 43 a factor of 90343?
True
Is 258 a factor of 257742?
True
Is 167375 a multiple of 125?
True
Does 13 divide 119712?
False
Is 1584357 a multiple of 733?
False
Is 75 a factor of 5700?
True
Is 31932 a multiple of 12?
True
Does 50 divide 672790?
False
Is 10 a factor of 2851?
False
Does 409 divide 1426725?
